s digit of k?
4
Let r(f) = 5*f**3 + 5*f**2 + 13*f - 6. Let w be r(6). Suppose -g = 8*g - w. What is the tens digit of g?
4
Let x(f) = -3*f - 2. Let z be x(-1). Let t(i) = 5*i**2 - i + 1. Let u be t(z). Suppose -5*v - d = -55, -u*v + 3*v + 2*d + 34 = 0. What is the units digit of v?
2
Let q(h) = -22*h**2 - 2*h + 1. Let a be q(1). Let w = -46 - a. What is the tens digit of (w/4)/(1/(-4))?
2
Suppose -11 = -5*m - 76. Suppose -a - 36 = -5. Let i = m - a. What is the units digit of i?
8
Let v = -63 + 63. Suppose v*x + 199 = x + 4*g, 4*x - 3*g - 701 = 0. What is the hundreds digit of x?
1
Let w(t) = -13*t**2 - 7*t**2 + 24*t**2 - t**3 + 7. Let h be w(4). What is the units digit of 2/h + 231/49?
5
Suppose 3*u - 7 + 10 = 0. Let s = u - -8. Suppose -s*k + 4*k + 126 = 0. What is the units digit of k?
2
Let b(d) = 2*d - 18. Let q be b(13). Suppose -4*h - 72 = -q*h. What is the units digit of h?
8
Let h(t) be the second derivative of -2*t**3/3 + 49*t**2/2 - 4*t - 1. What is the units digit of h(-13)?
1
What is the tens digit of 2 + ((-411)/(-1))/3?
3
Let m(i) = i - 9. Let o(w) = -w - 1. Let n be (-1)/(-3)*(12 + -15). Let x(l) = n*m(l) + 6*o(l). What is the units digit of x(-2)?
7
Let p(s) be the second derivative of s**4/12 - 7*s**3/6 + s. What is the units digit of p(8)?
8
Let f be 0/(0 - (-4)/(-4)). Suppose 0*v + 2*v - 4 = f. Suppose -v*n - n - 3*d + 81 = 0, 5*n = -2*d + 150. What is the units digit of n?
2
Let h(b) = 3*b - 5. Let o be h(4). Suppose -2*q + 2*d = -6, 2*q + 2*d - o = 3. Suppose k = q*s - 188, 0 = 4*k - 9*k + 20. What is the units digit of s?
8
Suppose -2*k - 2 = 0, -4*l - 3*k + 18 = -35. Let g = 27 - l. What is the tens digit of 25*1 + -11 + g?
2
Suppose 120*p - 122*p + 700 = 0. What is the tens digit of p?
5
What is the tens digit of (-3 - (-40)/14) + (-17152)/(-14)?
2
Suppose -4*f + 4*c - 8 + 0 = 0, -2*c + 16 = 2*f. Suppose -f*r - d - 4*d + 625 = 0, 2*r - 2*d = 422. What is the hundreds digit of r?
2
Let k(q) = 367*q + 266. What is the units digit of k(11)?
3
Suppose 7*v = 697 + 836. Suppose 6*p - p + 3*z = v, -3*p + 4*z + 114 = 0. What is the units digit of (-6)/(-1)*280/p?
0
Let k(r) = -2*r**3 - 6*r**2 - 6*r - 1. Let u be (-18)/12*(-16)/6. Suppose -41 = 4*t + 5*j, u*t + 4*j = 2*j - 26. What is the tens digit of k(t)?
5
Suppose -s = -0*s - 4*y - 152, 4*s = -y + 574. Let d be (6/(-2))/(5 + -6). Suppose 0 = -6*h + d*h + s. What is the tens digit of h?
4
Suppose 11*m + 4 = 59. Suppose -4*j + 3*l = -377, -261 = -4*j + j - m*l. What is the units digit of j?
2
Let d = 506 + 1205. What is the tens digit of d?
1
Let b(w) = 66*w - 9. What is the units digit of b(11)?
7
Suppose 0 = 4*l - 21 - 7. Let k be (l + -6)/((-2)/(-304)). Suppose -3*p = p - r - k, 12 = 3*r. What is the tens digit of p?
3
Suppose -2*w - w - 11 = z, -3*w = 2*z + 16. What is the tens digit of 18402/66 + w/(-11)?
7
Let w be (-5404)/(-16) - (-18)/(-24). Let n = -169 + w. What is the units digit of n?
8
Let y be (8 + -5)/((-2)/(-2)). Suppose 3*s - x = 103, -x = -y*s - 6*x + 79. What is the units digit of s?
3
Let f be 16/6*(-12)/(-8). Suppose -f*r = -w - 14, 0 = -4*w - 2*r - 0*r + 16. Suppose -5 - 41 = -w*l. What is the units digit of l?
3
Suppose 3*y - 479 = -j, -4*y - 3*j = -4*j - 627. Let g = -111 + y. What is the units digit of g?
7
Suppose 12*c - 5*c = -245. Let n = c - -62. What is the tens digit of n?
2
What is the units digit of ((-291)/(-27))/(3/27)?
7
Let r(q) = q**3 - q**2. Let b be r(2). What is the hundreds digit of (12/b)/(12/440)?
1
Let t(l) = l**3 - 5*l**2 + 4*l + 3. Let u be t(4). Suppose 3*v = -s - 37, -2*s - 45 = 5*v + u*s. Let j = v + 36. What is the units digit of j?
2
Let l be -2 + 133 + (-2 - -6). Suppose -4*g = 5*f - l, -5*f + 5*g + 18 = -162. What is the units digit of f?
1
Let x = 332 + -253. What is the tens digit of x?
7
Let u(a) = -3 - 189*a - 95*a - 5 + 3. What is the tens digit of u(-1)?
7
Let q be -1 - (3 - 31/1). Suppose x + 12 + q = 0. Let y = -25 - x. What is the units digit of y?
4
Let t(m) = -23*m + 10. What is the units digit of t(-17)?
1
Suppose u + 4*f = 90, 0*u + 210 = 2*u - 2*f. Suppose 22 = -4*p + u. What is the units digit of p?
0
Let d be 0 + 27*(-4)/(-6). Suppose 0 = d*a - 24*a + 6. What is the units digit of a?
1
Suppose 0 = -5*x - 5*x + 1850. What is the hundreds digit of x?
1
Let p = 26 + -12. Let j(q) = -q**3 + 14*q**2 + 4*q + 3. What is the tens digit of j(p)?
5
Suppose 13*u + 3*h - 14152 = 9*u, -u - 4*h + 3525 = 0. What is the thousands digit of u?
3
Let o(g) be the first derivative of 23*g**2 + g - 5. Let y be o(3). Suppose 0 = -5*h + 2*i + 178, -4*h + 6*i = i - y. What is the units digit of h?
6
Let v be 16/10*135/6. Suppose 2*t - v = -t - 2*r, t - 20 = 2*r. What is the units digit of t?
4
Let g(w) = 15*w + 10. Let k(h) = -h. Let r(y) = -g(y) + 2*k(y). Suppose 160*q - 169*q = 36. What is the tens digit of r(q)?
5
Let f(w) = 25*w**2 - 2*w - 6. Let y be f(-2). Suppose x + 136 = 4*v, x - y = -4*v + 46. What is the tens digit of v?
3
Let d(b) = -8*b + 29. What is the tens digit of d(-5)?
6
Suppose 216 = q - 5*q. What is the tens digit of -1 + (-6 + 3 - q)?
5
Let w = 29 - -47. Suppose -a - 4*p = -9*p - w, 0 = -5*a + p + 356. What is the tens digit of a?
7
Let l = 3 - -149. Suppose 7*u = 751 + l. What is the units digit of u?
9
Let y be 8*(-2*1 + 25/10). Let n = y + 21. What is the tens digit of n?
2
Let p(k) = k**2 - 4*k - 7. Let f be p(6). Suppose 0*v + 4*v = -3*t + 21, 3*v - 13 = -f*t. Suppose -3*x = -v - 48. What is the units digit of x?
8
Let g = 5322 + -3131. What is the thousands digit of g?
2
Let o(n) = 2*n**3 + 27*n**2 - 10*n + 8. What is the tens digit of o(-12)?
6
Let n(v) = v**3 + 9*v**2 - 15*v - 8. Let q be n(-10). Suppose -195 = -4*i + 4*k - k, -i + 3*k + q = 0. What is the units digit of i?
1
Let q(p) = 160*p - 712. What is the thousands digit of q(31)?
4
Let u(m) = 6*m - 4. Suppose 5*w = 30 + 25. Let o = w + -6. What is the tens digit of u(o)?
2
Let u = 37 + -8. Let r = 93 - u. What is the units digit of r?
4
Let p(m) = 49*m - 78. What is the units digit of p(22)?
0
Suppose -2*f - 6 = 3*r, -3*r = 2*f - f + 3. Suppose 5*v - 338 - 7 = r. What is the units digit of v?
9
Let u = -755 + 1285. What is the units digit of u?
0
Let b be 27/(-45) - (-6)/10. Suppose d - 41 - 54 = b. Suppose -3*n + d = 2*n. What is the tens digit of n?
1
Suppose -28*n = -8958 + 1258. What is the hundreds digit of n?
2
Let j = -584 + 1079. What is the hundreds digit of j?
4
Suppose -2*h + 6*h - 592 = 0. Suppose 5*g = -12 - h. Let k = 48 + g. What is the units digit of k?
6
Let i(h) = 2*h - 44. Let c(w) = -w - 5. Let b be c(-5). Let y be i(b). Let n = 80 + y. What is the units digit of n?
6
Suppose 66 = -5*o - o. What is the tens digit of (12/6 + 6/(-2))*o?
1
Suppose 0 = -2*v + 4*u + 14, -u - 5 + 1 = -v. What is the units digit of -2 + 0 - (-3 - v)*1?
2
Let y(l) = l + 1. Let z(i) = -73*i - 5. Let c(v) = 4*y(v) + z(v). Let o be c(-1). Suppose -o = -2*g + 28. What is the tens digit of g?
4
Let s(v) = 2*v - 1. Let y be s(1). Let n be 0 + y + 5 + -4. Suppose -105 = 3*m - h - 327, h = n*m - 147. What is the tens digit of m?
7
Let q be 3 + 7 + 5 + -6. Suppose -7*h + 5*h + 5*y = 39, -4*h + 2*y - 54 = 0. What is the units digit of (-8)/h - (-129)/q?
5
Let n = -22 - -56. Let b = 38 - n. Suppose 2*w + 0*w = 3*z + 19, 4*z - b = 0. What is the tens digit of w?
1
Let f = 4706 + -1958. What is the thousands digit of f?
2
What is the hundreds digit of ((-3325)/3)/((-147)/441)?
3
Let j(d) = 5*d**2 + d - 6. Let x be j(-6). Let v(r) = 3*r**2 - 2*r - 1. Let p be v(-1). Suppose 0 = p*g - g - x. What is the tens digit of g?
5
Suppose -2*o = -5*r - 3*o + 3084, 0 = 5*r - 3*o - 3088. What is the hundreds digit of r?
6
Let f = -134 + 188. What is the units digit of -2 + 2 - f/(-2)?
7
Let n = -1340 - -4393. What is the units digit of n?
3
Suppose 14*l - 3*l - 44 = 0. Suppose -2*w - l*z + 114 = 0, -5*w + 426 - 135 = 4*z. What is the tens digit of w?
5
Suppose -3*h + 5 + 1 = 0. Suppose -5*l + 8 = -2*n, l + h*l = n + 4. Suppose l = f + f - 30. What is the units digit of f?
5
Suppose -29 + 4 = -5*s. Suppose -v + 168 = s*v. What is the tens digit of 14/v*38*3?
5
Suppose 9*b - 493 = 434. Let u = b + -46. What is the tens digit of u?
5
Let b(a) = a**3 - 11*a**2 + 4. Let i be 